 - 13*t + 45. Let f(c) = -c**3 - 8*c**2 + 12*c + 2. What is f(o)?
-25
Suppose 22 = 2*l + 3*n, -2*n - 4 = -5*l + 13. Let v(u) be the first derivative of -u**4/4 + 4*u**3/3 + 3*u**2/2 - 6*u - 5. Determine v(l).
-16
Let z = 7 - 4. Let k(m) be the third derivative of m**4/24 + m**3/3 + 37*m**2 + m - 63. Give k(z).
5
Let u be 1/(-4)*(5 + -13). Let f(m) = 62*m + u + 58*m + 63*m - 181*m. Give f(3).
8
Suppose -1 - 3 = -2*m, 4*j - 2*m = -44. Let p(o) = o**2 + 10*o + 7. Determine p(j).
7
Suppose -602*t - 612 = -620*t. Let k(d) = -d + 22. Give k(t).
-12
Let y(c) = -c**3 + 3*c**2 + c. Let l(q) = 4*q**2 - 12*q + 43. Let a be l(3). Let g(d) = -d**3 + 45*d**2 - 87*d + 45. Let f be g(a). Give y(f).
6
Let n(w) be the second derivative of w**4/12 + 3*w**3/2 - 5*w**2 - 517*w. Give n(-10).
0
Let k(z) = -2*z - 9. Let n be k(4). Let l = n + 24. Let q(y) = -y - 1. Let x(t) = t - 1. Let r(g) = q(g) + 2*x(g). What is r(l)?
4
Let u(x) = -3*x**2 - 18*x**3 + 1 + 9*x**3 - 2*x + 8*x**3 - 5. Let y(j) = -2*j**3 - 3*j**2 - 3*j - 5. Let c(g) = 4*u(g) - 3*y(g). Determine c(2).
5
Let p(h) = h**2 + 2*h**2 + 1 - 2*h - 5*h**2 + h**2. Let i(g) = 2*g**2 + 2*g - 1. Let k(c) = 4*i(c) + 5*p(c). What is k(-2)?
17
Let w(q) = -2*q - 27. Let o = 2327 - 2349. Give w(o).
17
Let q(n) = 2*n - 37. Let y(l) = l - 18. Let b(j) = 2*q(j) - 5*y(j). Suppose -5*m = 36 + 144. Let s = -27 - m. Give b(s).
7
Suppose 50 = -7*y + 71. Suppose y*f - 7 = -19, -f - 6 = -2*s. Let o(z) = 2 - 1 + 9*z - 29*z. Give o(s).
-19
Let a(n) be the third derivative of -n**4/8 + 26*n**3/3 - 133*n**2 - 4*n + 1. What is a(17)?
1
Let n(b) = b**2 - 4*b - 4. Let t be (-1 - -106)/((-171)/(-1083)). Let w = t + -659. Calculate n(w).
8
Let f(r) = -5*r + 5. Let q be -1*(0 - 0/(-4))*1. Suppose -9*x + 13*x - 8 = q. What is f(x)?
-5
Let u(j) = -7*j + 24. Let l(f) = -3*f**2 + 128*f + 328. Let d be l(45). Give u(d).
-67
Let n(v) = v**3 + 7*v**2 + 12*v + 13. Let p be n(-5). Let u(j) = -4*j + 0*j**2 + 0*j**3 - j**3 + 2*j**2. Determine u(p).
-21
Let a(m) = -m**2 + 8*m + 45. Suppose j - 40*f + 42*f + 8 = 0, -5*j - 26 = 3*f. Determine a(j).
-3
Let m(a) = -45*a + 5. Let p(w) = -13*w + 2. Let x(h) = -2*m(h) + 7*p(h). Let z = 67 - 47. Suppose 0 = -4*s - 4 - z. Give x(s).
10
Suppose 0 = 121*n - 429 + 1760. Let c(b) = -6*b**2 - 6*b + 2. Let m(k) = -k**2 + k + 1. Let v(g) = -c(g) + 5*m(g). Give v(n).
3
Let p(j) = -39 + 43 - 119*j**2 - j**3 + 16*j**3 + 5*j + 122*j**2. Calculate p(-1).
-13
Let f(r) = -36 - 52737976*r**2 + 52737976*r**2 + 4*r + r**3. What is f(0)?
-36
Let x(a) = -4*a**2 - a - 1. Let o(l) = -19*l**2 - 5*l - 1. Let q(b) = -o(b) + 5*x(b). Let m be 0*4/(-36)*3. Calculate q(m).
-4
Let t(i) = 4*i**2 + i - 2. Suppose 0 = -4*j + 8*j - 84. Suppose -j*c + 14 = -28*c. Determine t(c).
12
Let x(i) = -6*i + 0*i + 661*i**2 + 663*i**2 + 70 + 680*i**2 + i**3 - 1994*i**2. Determine x(-11).
15
Let a be 4/(-106) - (-12204)/5989. Let j(x) = -x**2 + 2*x + 5. Determine j(a).
5
Let t(m) be the third derivative of 7*m**4/24 - 49*m**3/6 - 6*m**2 + 127. Calculate t(9).
14
Let i(j) = -6*j**3 - j - 1. Let l(h) = -8*h**3 + 2*h**2 - 1. Let t(p) = 3*i(p) - 2*l(p). Suppose 0 = -2*m - m - 6. What is t(m)?
5
Let c(y) = 14*y + 4*y - 22*y + 41*y**2 - 42*y**2 - 4. What is c(-5)?
-9
Let i(g) = -2*g + 13. Let j(k) = 2*k + 7. Let t(l) = -l. Let d(a) = 2*j(a) + 6*t(a). Let b(w) = 5*d(w) - 6*i(w). Suppose 0 = -12*c + 18*c - 36. Determine b(c).
4
Let y be -25*(-5 + 46/10). Let a(j) = 5*j + 6*j - y*j + 4*j**2 + 0*j**2 - 1. Calculate a(-1).
2
Suppose 0 = 45*i - 88*i - 817. Let l(z) = -z**2 - 16*z - 18. Give l(i).
-75
Let t(a) = -a**2 + 3*a + 2. Let y be t(3). Let j(o) = -4*o + 2057 - 21*o**2 + 8*o - 2058 + 18*o**2. Calculate j(y).
-5
Let n = 1052 - 1057. Let y(h) = 11*h - 7. Determine y(n).
-62
Suppose -7*y + 1548 = 1401. Let q(j) = -2*j + 59. Give q(y).
17
Let t(d) be the second derivative of d**5/2 + d**4/12 - d**3/3 + d**2 + 481*d + 1. What is t(1)?
11
Let s(l) be the third derivative of -1/24*l**4 - 59*l**2 - 11/6*l**3 + 0*l + 0. Calculate s(-17).
6
Let s(w) = 6*w**2 + 29*w - 4. Let r(f) = -5*f**2 - 27*f + 6. Let n(j) = 5*r(j) + 4*s(j). Determine n(-20).
-6
Let f(v) = 32*v**3 + 8*v**2 - 15*v + 21. Let d(w) = 53*w**3 + 17*w**2 - 32*w + 40. Let t(r) = -3*d(r) + 5*f(r). What is t(10)?
95
Let a(l) = l**3 - l**2 - 12*l + 5. Let n be a(4). Let h(t) = 12*t + 12. Let o(s) = -7*s - 6. Let q(f) = n*o(f) + 3*h(f). Determine q(-4).
2
Suppose 0 = 13*g - 17*g + 12. Suppose -2*v - 110 = -5*j + 3*v, -2*v + 51 = g*j. Suppose 4*r + 11*c = 6*c + j, 4*c - 13 = -r. Let m(w) = 14*w**2. Calculate m(r).
14
Suppose 74*a = 5*m + 75*a + 89, -3*a = 12. Let c(u) be the second derivative of u**4/12 + 3*u**3 + 6*u**2 - u. Calculate c(m).
-5
Let u = -12 + 21. Let f be (u/2)/((-3)/4). Let a be ((-9)/(-6))/(f/(-16)). Let r(i) = -i**3 + 4*i**2 + 3*i - 6. Give r(a).
6
Suppose -372*i + 3900 + 6632 - 2720 = 0. Let s(n) = -n**3 + 22*n**2 - 16*n - 85. Give s(i).
20
Let i(r) = r**3 + 11*r**2 - 28*r - 23. Suppose -4*j + 185*n - 187*n = 62, 4*n + 85 = -5*j. Give i(j).
3
Let l(r) be the third derivative of r**5/120 + r**4/12 - 73*r**3/6 + r**2 + 42*r. Let v(t) be the first derivative of l(t). Calculate v(5).
7
Let d(j) = j**3 - 28*j**2 - j + 34. Let y be d(28). Let g(z) = -5*z + 1 + 216*z**2 + 0*z - 215*z**2. Calculate g(y).
7
Let t(m) = -3*m**3 - 8*m**2 - 3*m + 3. Let c(r) = r**3 + 4*r**2 + r - 1. Let z(u) = -5*c(u) - 2*t(u). Suppose 11*d + 13*d = 72. What is z(d)?
-7
Let d(a) be the first derivative of a**4/4 - 20*a**3/3 + 9*a**2 + 18*a - 4571. Determine d(19).
-1
Let k(n) = -33*n - 12. Let y(s) = 67*s + 31. Let g(r) = 7*k(r) + 3*y(r). Calculate g(2).
-51
Let m(q) = -61*q - 7 + 5 + 90*q - 38*q. Determine m(-7).
61
Let r(v) = -v**3 - 4*v**2 + 7*v - 36. Let l be r(-6). Let h(n) = -n**3 - 7*n**2 - 4*n + 8. Determine h(l).
-4
Let l(q) = q**2 - 9*q + 5*q + 1 - 2*q. Suppose -5*j + 0*c + 542 = -4*c, c - 2 = 0. Let p = -105 + j. What is l(p)?
-4
Let k(g) = -8*g + 2. Let r = -45 - -49. Suppose 3*n + r*n - 21 = 0. Suppose 6*o = 3*o + 15, n*w + 2*o - 4 = 0. Give k(w).
18
Let y(o) = -o**2 + 1. Let z(i) = -21*i**2 - 7*i + 20. Let u(x) = 25*x**2 + 7*x - 20. Let d(t) = -4*u(t) - 5*z(t). Let q(p) = d(p) + 6*y(p). Give q(6).
-8
Let r(j) be the second derivative of j**4/12 - j**3/3 - 3*j**2/2 + 246*j - 2. Calculate r(4).
5
Let u(i) be the first derivative of 1/30*i**5 - 2*i**2 + 1/2*i**3 + i - 24 + 1/6*i**4. Let t(v) be the second derivative of u(v). Determine t(-2).
3
Let a(f) be the second derivative of -11*f**4/12 + 3*f**2 + 15*f. Let b(q) = 14*q**2 - 7. Let v(s) = -4*a(s) - 3*b(s). Calculate v(-2).
5
Suppose 8 + 6 = 2*l. Let i(f) be the third derivative of -26*f**2 + 0*f - f**3 + 0 + 1/8*f**4. What is i(l)?
15
Let k(s) be the third derivative of 3 - 2/3*s**3 - 6*s**2 + 0*s - 1/24*s**4. Calculate k(-4).
0
Let o(p) = 3*p**3 + 2*p - 2. Let k(c) = c**2 - 8*c - 208. Let t be k(19). Let h be o(t). Let b(s) = -4*s**2 - 2*s - 2. Determine b(h).
-44
Let h(j) = -35*j. Let a be h(7). Let b = 240 + a. Let u(w) = -w - 5. Determine u(b).
0
Let g(y) be the first derivative of y**5/20 - 5*y**4/12 - y**3 - 3*y**2 + 8*y + 61. Let o(r) be the first derivative of g(r). Give o(6).
-6
Let h(p) be the first derivative of -5*p**2/2 - 3*p + 2. Let m = 18903 + -18905. Calculate h(m).
7
Suppose 0 = 12*y + 138 - 270. Let n(c) = 2*c**3 - 24*c**2 + 23*c - 19. Calculate n(y).
-8
Let r(j) be the third derivative of -5*j**4/12 - 13*j**3/3 + 857*j**2. What is r(-2)?
-6
Let z(r) be the second derivative of r**4/12 - 5*r**3/2 - 31*r**2/2 + 1945*r. What is z(13)?
-57
Let d be 101 + (-6)/1 + 4. Let z be (-22)/d + (-40)/(-18). Suppose -z = -5*t - 17. Let x(j) = j - 1. Determine x(t).
-4
Let x(h) = 10*h**3 - 242*h**2 - 218*h - 173. Let a(o) = o**3 - 24*o**2 - 22*o - 17. Let t(d) = 21*a(d) - 2*x(d). Give t(21).
-116
Let h = -45 + 55. Suppose 0 = h*m - 8*m - 10. Suppose -s + m*s = 16. Let a(q) = -q**3 + 3*q**2 + 5*q + 3. Determine a(s).
7
Let x be (2/6)/(7/651). Let p = 26 - x. Let q(d) be the second derivative of d**5/20 + d**4/2 + d**3 - d**2/2 - 2*d + 31. Give q(p).
-6
Let u(k) = -k**2 - 6*k - 9. Let o(h) = -h**2 - 2*h + 15. Let l be o(-6). Let g(q) = -q**3 - 9*q**2 - 6*q - 59. Let w be g(l). Give u(w).
-4
Let o be (0 - (-9 - 5))/(24/4). Let d(w) be the third derivat